 = 8*q(t) - 3*u(t). Let g be 12/60*-3*15. Calculate k(g).
5
Let b(d) = 4*d**2 + 5*d - 18. Let r(k) = -k**2 + 2*k + 2. Let x(v) = b(v) + 3*r(v). Calculate x(-9).
-30
Let l(b) = b - 1. Let q = -32 + 34. Suppose -q*c - 8 = h - 0, c - 5*h + 26 = 0. Determine l(c).
-7
Let v(i) = 3*i - 33. Let x(w) = -3*w**2 - 31*w - 26. Let j be x(-9). Determine v(j).
-3
Let b(q) be the third derivative of -q**6/120 + q**5/15 - q**4/12 - 2*q**3/3 + q**2 + 46. What is b(3)?
-1
Let l(t) = t**2 - 5*t - 4. Let o(f) = 3*f**2 - 4*f + 9. Let r be o(5). Let v = 70 - r. Determine l(v).
2
Let g(c) be the third derivative of -c**7/840 + 5*c**4/12 - 25*c**3/3 + 45*c**2 + 2*c. Let j(v) be the first derivative of g(v). Give j(0).
10
Let g(x) be the second derivative of x**4/12 + x**3/2 - 2*x**2 - 326*x. Calculate g(-4).
0
Let l be 6/4 - 7/(-2). Let o = -12 + 33. Let s(u) = 2 - 20*u + o*u - 8. Calculate s(l).
-1
Let m be -1 + (-6)/(2/(-1)). Let r(k) = -2 - k**m - 2 - 4*k**3 - k + 5. What is r(1)?
-5
Let z(j) = j**3 + 7*j**2 + 5*j - 8. Suppose -6 = 2*s, 0*s - 3*s - 2 = -i. Determine z(i).
-43
Let d = 23 + -27. Let h(p) = -p**3 + 4*p**2 - 2*p. Let t be h(3). Let s(y) = -2 - t*y + 2 - 4 + 6 - y**2. Calculate s(d).
-2
Let g(l) = -l**3 + 1. Let n = -103 - -102. Give g(n).
2
Let y(k) = -5*k - 1. Suppose 4*h - 3*g = -79, -3*g - 1 = -4. Let v = -21 - h. Calculate y(v).
9
Let q(w) be the second derivative of -w**4/12 - w**3/6 - 3*w**2/2 + 23*w. Let v = 5 - 8. What is q(v)?
-9
Let w be 3/(2/(57/9 + -3)). Let s(a) be the first derivative of -3*a + 2*a**3 - w - 1/4*a**4 + 0*a**2. Calculate s(6).
-3
Let p(h) = h**2 - 10*h + 9. Let z = 3101 + -3090. Give p(z).
20
Suppose -2*r = -4*r - 4*u + 60, 3*u = -3*r + 78. Let v = r - 10. Let s be (v/18)/((-2)/(-6)). Let f(y) = -2*y + 2. What is f(s)?
-2
Let u(x) be the first derivative of x**4/4 + 2*x**3/3 + x**2/2 + 2*x + 4. Suppose 4*s = s + 3. Let g = -1 - s. Determine u(g).
0
Let x(c) = c**2 + 7*c + 6. Let b be x(-6). Let i(g) be the second derivative of g**4/12 - g**3/6 + g**2/2 - 1438*g. Determine i(b).
1
Suppose 5 = 20*r - 15*r. Let m(z) be the first derivative of -1 + 1/2*z**2 + 9/4*z**4 + 0*z + 0*z**3. Determine m(r).
10
Let b = 21 - 20. Let w be -6 + (b + -1)/(-4). Let r(c) = 0 + 1 + 5*c + 0 - 4*c. Give r(w).
-5
Let r = 236 + -243. Let f(z) = z**2 + 8*z - 8. What is f(r)?
-15
Suppose 2*n - 3*k - 18 = 0, 6*n + 3*k = 5*n - 9. Let f(r) be the second derivative of 1/2*r**2 + 0 - 1/12*r**4 + n*r + 2/3*r**3. Determine f(6).
-11
Let t(a) = -10*a + a**3 - 5*a**2 - 37 - 30 + 111 - 35. Give t(7).
37
Let g(h) = 5*h**2 + 2*h + 7. Let x(y) be the second derivative of -7*y**4/6 - y**3 - 21*y**2/2 - 12*y. Let q(n) = -17*g(n) - 6*x(n). Determine q(5).
-8
Suppose 34*q - 8 = 30*q. Let z(h) = -2*h**2 + 14*h - 17. Let g(n) = -n**2 + 5*n - 6. Let m(o) = 11*g(o) - 4*z(o). Calculate m(q).
-12
Let h = -21 - -37. Suppose 5*f = f - h. Let a(k) be the third derivative of -k**5/30 - k**4/6 + 5*k**3/6 - 24*k**2. Determine a(f).
-11
Let j(i) = 2*i**2 - 123 - 7*i**2 - 8*i + 250 - 3*i**2 - i**3 - 130. Suppose 3*q - 4 = 2*h, 0 = 3*q - 5*h - 4 + 3. Let v = q - 9. What is j(v)?
4
Let s(x) be the first derivative of -x**4/4 + x**3/3 - x**2/2 + 16*x + 142. What is s(0)?
16
Let f(d) = 10*d + 2. Let b(r) = 9*r + 2. Let t(w) = 5*b(w) - 4*f(w). Calculate t(-5).
-23
Let g(n) = 2*n + 3*n - 2*n. Suppose 4*s - 20*a + 19*a = 0, -s - 7 = -2*a. Determine g(s).
3
Suppose -t = -3*t + 3*n + 23, 0 = -n - 5. Suppose -t*x - 3*q = -28, -2*x + 3*q = -0*x + 4. Suppose 3*p = x*p. Let i(c) = c**2 + c - 7. What is i(p)?
-7
Let w(j) = -5*j**3 - 6*j**2 - 2*j - 1. Let r(d) = -6*d**3 - 7*d**2 - 3*d - 1. Let z(g) = 4*r(g) - 5*w(g). Let t(a) = 2*a - 15. Let y be t(6). Give z(y).
-2
Let p be (-3)/6 + 126*5/20. Let f = p - 31. Let n(r) = -4*r + 2. Let b(w) = 5*w - 3. Let a(t) = 5*b(t) + 6*n(t). Calculate a(f).
-3
Let h(a) = a**3 - 4*a**2 + a. Suppose -4*b - k = -2*b + 24, 0 = -4*k. Let y = b - -15. Let n be (y/(-2))/(27/(-72)). Calculate h(n).
4
Let k(d) = -6*d - 7. Let f be k(0). Suppose 2*m + 11 = -4*y + 5*y, -5*y + 4*m = -31. Let q(n) = -y*n + 0*n + 4*n. Determine q(f).
-7
Let f(u) = 5*u + 6. Let h = -675 - -674. Determine f(h).
1
Let r(b) = b**3 - 44*b**2 + 42*b + 43. Let g be r(43). Let x(h) = h + h**2 - 2*h + 0 - 10. Calculate x(g).
-10
Suppose 18 = 214*d - 211*d. Let t(b) = -3*b**2 + 0 - 2*b**2 - 3*b + 0 + 3 + b**3. Give t(d).
21
Let t(u) be the third derivative of u**6/120 - u**5/10 - 7*u**4/24 - u**3/2 - 3*u**2 + 55. Let j = 8 + -1. Calculate t(j).
-3
Let b(t) = 38*t. Let h(m) = -13*m - 1. Let u(s) = b(s) + 2*h(s). Calculate u(-4).
-50
Let s(d) = -110*d + 3 + d**2 + 102*d + 0*d**2 - 2*d**2. Give s(-8).
3
Let c = 10 - 14. Let v be (-49)/c - 18/(-24). Suppose 3*w = -f + v, 0*f - 2*w + 7 = -f. Let g(h) = -8*h**2 - h. Calculate g(f).
-9
Let u(j) = j**3 + 11*j**2 + 9*j - 3. Let v(o) = -o**3 + 8*o**2 + 6*o - 58. Let l be v(8). Calculate u(l).
7
Let q be (-2)/9 - 68/18. Let g(t) = 11*t**3 + 8*t**3 - 5*t - 4 + 6*t**3 - 5*t**2 - 26*t**3. What is g(q)?
0
Let b be (2*(-14)/(-16))/((-96)/(-384)). Let j(n) be the first derivative of b - 1/3*n**3 - 9/4*n**4 + 0*n - 1/2*n**2. Give j(-1).
9
Let p(n) = 4*n + 4*n**2 - n**2 + 0 + 9 - 5*n**2. Let o(a) = -3*a**2 + 6*a + 14. Let f(k) = 5*o(k) - 8*p(k). Determine f(-2).
6
Let p(j) = -6*j + 23. Let d = -875 - -880. What is p(d)?
-7
Let x(l) = 5*l - 20. Let s(t) = 2*t - 7. Let h(u) = -8*s(u) + 3*x(u). Let c be ((-8)/(-4) - 1*2) + -5. Calculate h(c).
1
Let y be (11 - (24 + -12))/(0 - -1). Let c(b) = -18*b**2 - 2*b - 1. Give c(y).
-17
Let a(k) = -k**3 - 7*k**2 - 3*k + 2. Let d(b) = 2*b**2 + b. Let g(w) = -a(w) - 4*d(w). What is g(0)?
-2
Let k(l) = 2*l**3 + 7*l**2 + l + 2. Let f(n) = -4*n**3 - 15*n**2 - 3*n - 4. Let v(m) = 4*f(m) + 9*k(m). Let h = -56 - -53. Determine v(h).
-16
Suppose 3*h = 4*h - 4. Let a(w) be the third derivative of -5*w**2 + 1/12*w**4 - 5/6*w**3 + 0*w + 0. Give a(h).
3
Let g = 5 + -3. Let m(c) = 2*c + 2. Let h = -5 - -2. Let f(n) = n**2 - n - 1. Let p(o) = h*f(o) - m(o). Calculate p(g).
-9
Let l(i) = -5*i**3 - 9*i**2 - 3*i - 6. Let a(y) = 11*y**3 + 19*y**2 + 5*y + 12. Let t be 21*(-3)/(-9) - -2. Let u(m) = t*l(m) + 4*a(m). Give u(-4).
6
Let q be 2/6 + (-120)/(-45). Suppose -4*h = r + q, 0 = -2*r - 3*h - 2 + 6. Let i(l) = l - 10. Determine i(r).
-5
Let h(t) = -t**3 - 16*t**2 + 3*t - 25. Let a be h(-16). Let f = 76 + a. Let g(b) = 4. Let w(j) = j - 4. Let x(y) = 2*g(y) + 3*w(y). What is x(f)?
5
Let f(i) = -4*i**3 - 17*i**2 + 18 - 8 + 2*i**3 - 18*i + 6 + 3*i**3. Determine f(18).
16
Let z(d) = d + 4*d - 10*d + 6*d + 4. Determine z(-3).
1
Suppose -8*u + 144 = 96. Let d(a) = -2*a - 3. Give d(u).
-15
Let b(c) be the first derivative of -c**3/3 - c**2/2 + 1. Let j be (-16)/(-6) - (-3)/9. Suppose o = 2*z - j, o - 15 = -2*o - 2*z. Give b(o).
-12
Let s = -306 + 311. Let y(a) = -a**3 + 6*a**2 - a + 3. Calculate y(s).
23
Let r be -3 + (-3 - 17)*(-2)/(-5). Let x(u) = u**3 + 11*u**2 + 2*u + 16. What is x(r)?
-6
Suppose 0*o - o = 0. Let k(b) be the second derivative of -b**6/360 + 5*b**4/24 - 13*b**3/6 - 6*b. Let m(r) be the second derivative of k(r). Give m(o).
5
Let k(b) = 2*b + 9. Suppose 5*d - 10*d - 25 = 0. Let c be k(d). Let h(a) = -5*a**2 + a + 0*a**2 + 6*a**2 + 12*a**3. Give h(c).
-12
Suppose -5*q + 60 = -0*q. Let n = q - 10. Let c(r) = -2*r**2 + 2 - r + 7*r**2 - 5*r**n + 3*r**2. Calculate c(2).
12
Suppose -t = -4*t - 9. Let n(q) = 10*q**2 - 3*q + 2. Let b(s) = -7*s**2 + 3*s - 2. Let y(w) = 3*b(w) + 2*n(w). Calculate y(t).
-20
Suppose -3*h + 3 = -12. Let w(x) = -15*x**3 - x**2 - 5*x + 9. Let i(f) = 13*f**3 + 5*f - 8. Let u(t) = -7*i(t) - 6*w(t). Calculate u(h).
2
Let c(m) be the second derivative of -m**4/3 + 2*m**3/3 + 3*m**2/2 - 188*m. Give c(-2).
-21
Let r(w) = -w**2 + w + 11. Let f = -32 + 37. Let t be 2 - (f + (-9)/3). Give r(t).
11
Let u(p) = -p**3 + 4*p**2 + 12*p - 6. Let h = 1412 - 1406. Give u(h).
-6
Let b(f) = -f - 1. Let r be (-16 + 18)*(-6)/4. Let z be b(r). Let x(u) = -4*u - 2. What is x(z)?
-10
Suppose 528*d + 40 = 538*d. Let t(w) be the second derivative of 0*w**3 + 3/2*w**2 - 8*w - 1/12*w**d + 0. Calculate t(0).
3
Let b(c) = 2*c**2 + 2*c - 1. Suppose -s + 5*s + 5*j + 51 = 0, 3*j + 54 = -5*s. Let p be (12/(-8))/(s/6). What is b(p)?
3
Let u be 244/